 735435 and 281135?
295
What is the highest common factor of 1838890 and 232?
58
Calculate the greatest common factor of 112 and 11516596.
28
Calculate the greatest common divisor of 19190 and 185638.
202
What is the highest common factor of 5433 and 92478715?
1811
Calculate the highest common factor of 9885280 and 18352.
496
What is the greatest common divisor of 1811 and 6666291?
1811
What is the highest common factor of 23791754 and 882?
98
Calculate the highest common factor of 177558472 and 728.
728
What is the highest common factor of 203 and 212753947?
203
What is the highest common divisor of 15620 and 1484120?
220
Calculate the greatest common factor of 11759 and 1903.
11
What is the highest common factor of 799215 and 70170?
15
Calculate the highest common divisor of 868518 and 31514.
14
What is the greatest common divisor of 27296 and 16866369?
853
What is the highest common factor of 23558214 and 15618?
114
Calculate the highest common factor of 3222 and 318646134.
3222
Calculate the highest common factor of 132762 and 271208.
406
Calculate the highest common factor of 9857781 and 2712.
339
Calculate the highest common divisor of 245 and 2453871.
49
Calculate the highest common divisor of 4841418 and 48.
6
Calculate the greatest common divisor of 39598 and 13026.
26
What is the greatest common divisor of 72 and 2373894?
18
Calculate the highest common factor of 1316 and 665567.
329
What is the highest common divisor of 13995 and 19710?
45
Calculate the greatest common divisor of 4304 and 7659775.
269
Calculate the greatest common factor of 798 and 433086.
114
Calculate the greatest common divisor of 25909 and 2670620.
1993
Calculate the greatest common factor of 5116373 and 2162.
1081
Calculate the greatest common factor of 64692 and 824634.
54
Calculate the greatest common divisor of 8 and 53604556.
4
Calculate the greatest common factor of 544864 and 133664.
32
Calculate the highest common divisor of 18830 and 334250.
70
Calculate the highest common factor of 52 and 9975953.
13
What is the greatest common factor of 819 and 26888400?
63
Calculate the highest common factor of 1990 and 14327602.
398
What is the highest common divisor of 42 and 38878581?
21
What is the greatest common factor of 110243309 and 22?
11
What is the greatest common factor of 11 and 153113?
1
What is the highest common divisor of 26213473 and 1804?
451
What is the greatest common divisor of 6109 and 835443?
149
What is the greatest common factor of 42997 and 3193?
31
Calculate the highest common factor of 4025932 and 44.
4
What is the highest common divisor of 144160 and 435660?
1060
What is the highest common factor of 558904411 and 5987?
5987
What is the highest common divisor of 10709056 and 5312?
64
What is the greatest common factor of 453125 and 5368625?
3625
What is the greatest common divisor of 525 and 2429650?
25
What is the highest common divisor of 344535 and 54075?
1545
Calculate the greatest common factor of 219227 and 130831.
41
What is the greatest common divisor of 4305775 and 11600?
725
Calculate the greatest common factor of 23138 and 419198.
46
Calculate the highest common factor of 147 and 366613002.
147
What is the greatest common factor of 96868 and 14436748?
244
What is the greatest common divisor of 298266206 and 39298?
5614
What is the greatest common divisor of 63312975 and 32175?
2475
What is the greatest common divisor of 105725904 and 118866?
10806
Calculate the greatest common divisor of 1528039 and 1044.
29
Calculate the greatest common divisor of 3616569 and 328.
41
Calculate the greatest common divisor of 256840402 and 23.
23
What is the highest common divisor of 173271 and 5106?
111
What is the highest common factor of 78464037 and 15129?
5043
Calculate the highest common divisor of 19550 and 1869405.
85
What is the greatest common divisor of 137134800 and 3600?
3600
What is the highest common factor of 1699183260 and 60?
60
Calculate the highest common divisor of 864750 and 900.
150
What is the greatest common factor of 25215 and 732015?
15
Calculate the greatest common divisor of 41 and 460620855.
41
Calculate the highest common divisor of 14210928 and 3321.
369
What is the greatest common factor of 194833520 and 420?
140
What is the greatest common divisor of 613248 and 86208?
192
What is the highest common divisor of 1764 and 43548?
12
Calculate the highest common divisor of 5408362 and 15696.
218
Calculate the highest common factor of 742995 and 59730.
165
Calculate the highest common divisor of 6112700 and 254375.
275
What is the highest common divisor of 297792 and 1114080?
1056
Calculate the greatest common divisor of 4462474 and 216197.
2099
What is the highest common factor of 9275 and 1376198?
53
Calculate the highest common divisor of 634 and 20391659.
317
What is the greatest common divisor of 7957425 and 675?
75
Calculate the highest common divisor of 10 and 58348938.
2
Calculate the greatest common factor of 459 and 34479.
27
What is the greatest common divisor of 4631994 and 12?
6
What is the greatest common divisor of 50897065 and 170?
85
Calculate the greatest common factor of 390810 and 570.
30
Calculate the highest common divisor of 710061 and 99.
33
Calculate the greatest common factor of 1914 and 5300094.
6
Calculate the highest common factor of 158335351 and 1852.
463
What is the greatest common divisor of 44 and 3483007?
11
What is the highest common factor of 93986385 and 1446?
723
Calculate the highest common divisor of 23 and 4142967.
23
What is the greatest common divisor of 436603 and 250211?
1013
Calculate the greatest common factor of 78438472 and 16.
8
Calculate the greatest common divisor of 23559 and 12572653.
7853
What is the highest common factor of 14 and 38553466?
14
Calculate the greatest common divisor of 949 and 2074917.
13
Calculate the highest common divisor of 66766389 and 222.
111
Calculate the highest common factor of 5206 and 11495.
19
What is the greatest common factor of 5001150 and 210?
210
Calculate the highest common divisor of 29420982 and 153.
153
What is the greatest common divisor of 3740870 and 266?
14
What is the greatest common factor of 476 and 3114230?
238
What is the highest common factor of 379658 and 277226?
194
What is the highest common factor of 60840 and 127260?
180
Calculate the greatest common factor of 66945 and 1410.
15
What is the greatest common divisor of 57728 and 1704780?
1804
What is the highest common divisor of 1226595 and 45?
15
What is the greatest common divisor of 5291325 and 34425?
2025
What is the greatest common divisor of 2655 and 15937729?
59
What is the highest common factor of 39271 and 224381?
173
What is the highest common factor of 423 and 11263503?
141
Calculate the highest common factor of 239588430 and 1740.
870
What is the highest common divisor of 629112 and 16969343?
2383
What is the greatest common divisor of 579 and 484704832?
193
Calculate the greatest common divisor of 2605056 and 583.
53
What is the highest common divisor of 39 and 35185241?
13
What is the greatest common factor of 10836 and 2292588?
1548
What is the highest common divisor of 492 and 220524978?
246
Calculate the highest common factor of 80 and 63526000.
80
What is the highest common factor of 4 and 1886365?
1
Calculate the greatest common divisor of 251811101 and 235.
47
What is the greatest common divisor of 37764160 and 56?
56
What is the highest common factor of 231 and 4045239?
33
What is the highest common divisor of 53728669 and 1661?
151
Calculate the greatest common factor of 37848 and 6341592.
456
Calculate the highest common factor of 4655911 and 117.
13
Calculate the greatest common divisor of 1333 and 20382903.
1333
What is the highest common factor of 165 and 205794195?
15
What is the greatest common factor of 6683662 and 258602?
2666
Calculate the greatest common divisor of 83490 and 367818.
66
What is the greatest common factor of 1284 and 1666876388?
428
What is the greatest common divisor of 12617 and 322307?
1147
What is the highest common divisor of 45441 and 257094?
243
What is the highest common divisor of 51768274 and 6764?
3382
What is the greatest common factor of 5706 and 30749?
317
What is the greatest common divisor of 96